factors of 3000832127?
19, 37, 4268609
List the prime factors of 106089457.
106089457
List the prime factors of 46734309.
3, 17, 47, 67, 97
List the prime factors of 96918965.
5, 11, 13, 10427
What are the prime factors of 756184224?
2, 3, 73, 107903
List the prime factors of 117785604.
2, 3, 9815467
What are the prime factors of 24035079?
3, 8011693
List the prime factors of 490252585.
5, 98050517
List the prime factors of 4857387162.
2, 3, 2069, 391283
List the prime factors of 3006593279.
97, 383, 80929
What are the prime factors of 241373068?
2, 31, 41, 197, 241
List the prime factors of 754119016.
2, 7, 29, 66337
List the prime factors of 90361939.
90361939
List the prime factors of 1198051.
1198051
List the prime factors of 138611394.
2, 3, 137, 56209
What are the prime factors of 554677500?
2, 3, 5, 13, 5689
List the prime factors of 304520522.
2, 73, 2085757
List the prime factors of 23310739.
19, 367, 3343
List the prime factors of 162366248.
2, 11, 19, 269
What are the prime factors of 6539198162?
2, 7, 467085583
List the prime factors of 1481891639.
227, 6528157
What are the prime factors of 585701602?
2, 9283, 31547
List the prime factors of 12967668.
2, 3, 7, 17, 1009
List the prime factors of 223157051.
13, 17165927
What are the prime factors of 2043066470?
2, 5, 31, 373, 17669
List the prime factors of 37322865.
3, 5, 53, 15649
List the prime factors of 1278235941.
3, 426078647
List the prime factors of 35696268.
2, 3, 37, 8933
What are the prime factors of 331535923?
331535923
What are the prime factors of 172074427?
7, 757, 4639
List the prime factors of 1413125526.
2, 3, 7949, 29629
What are the prime factors of 35598639?
3, 11866213
What are the prime factors of 25481079?
3, 13, 17, 23, 557
What are the prime factors of 726440410?
2, 5, 139, 233, 2243
List the prime factors of 73468571.
11, 29, 230309
List the prime factors of 3121466355.
3, 5, 7, 67411
List the prime factors of 364881894.
2, 3, 13, 4677973
List the prime factors of 179299819.
179299819
What are the prime factors of 3774210086?
2, 17, 37, 239, 12553
List the prime factors of 131598691.
7, 18799813
List the prime factors of 863573382.
2, 3, 7, 1867, 3671
What are the prime factors of 1629140389?
19, 911, 94121
What are the prime factors of 113667657?
3, 359, 105541
What are the prime factors of 90769326?
2, 3, 41, 197, 1873
List the prime factors of 832356024.
2, 3, 599, 57899
List the prime factors of 22917262.
2, 2027, 5653
List the prime factors of 59043754.
2, 7, 11, 17, 19, 1187
What are the prime factors of 373354909?
373354909
List the prime factors of 81968959.
4273, 19183
What are the prime factors of 468671207?
23, 3121, 6529
List the prime factors of 365058654.
2, 3, 2971, 20479
List the prime factors of 1634786215.
5, 17, 19232779
What are the prime factors of 144177435?
3, 5, 31, 47, 733
List the prime factors of 63982126.
2, 13, 241, 10211
What are the prime factors of 10627630?
2, 5, 13, 29, 2819
What are the prime factors of 117586411?
117586411
What are the prime factors of 2008078488?
2, 3, 13, 17, 126199
What are the prime factors of 780145667?
7, 107, 1041583
What are the prime factors of 1028946810?
2, 3, 5, 313, 109579
List the prime factors of 140452566.
2, 3, 23408761
List the prime factors of 953358933.
3, 277, 1147243
What are the prime factors of 10579509?
3, 367, 3203
What are the prime factors of 347943409?
11, 19, 1664801
List the prime factors of 1135466548.
2, 283866637
List the prime factors of 5477819.
5477819
List the prime factors of 696747370.
2, 5, 11, 37, 193, 887
List the prime factors of 665884443.
3, 7, 59, 79, 6803
List the prime factors of 10407445.
5, 47, 67, 661
What are the prime factors of 107947550?
2, 5, 19, 199, 571
What are the prime factors of 137693693?
17, 8099629
What are the prime factors of 3344838384?
2, 3, 41, 59, 28807
List the prime factors of 1599492016.
2, 6599, 15149
List the prime factors of 556648441.
1427, 390083
List the prime factors of 1542969451.
1542969451
List the prime factors of 142873611.
3, 157, 303341
List the prime factors of 141356210.
2, 5, 3319, 4259
List the prime factors of 973400075.
5, 1607, 24229
What are the prime factors of 43464490?
2, 5, 131, 33179
What are the prime factors of 45189676?
2, 7, 19, 173, 491
List the prime factors of 139381862.
2, 2083, 33457
List the prime factors of 1519342974.
2, 3, 151, 389, 479
What are the prime factors of 16595288?
2, 2074411
What are the prime factors of 2366072976?
2, 3, 211, 233617
What are the prime factors of 76025536?
2, 19, 103, 607
List the prime factors of 102511090.
2, 5, 11, 37, 89, 283
What are the prime factors of 900446796?
2, 3, 25012411
List the prime factors of 8309556.
2, 3, 71, 3251
List the prime factors of 9044276089.
19, 73, 6520747
What are the prime factors of 215458724?
2, 13, 43, 167, 577
What are the prime factors of 87005627?
87005627
List the prime factors of 565456588.
2, 2131, 66337
What are the prime factors of 758807032?
2, 421, 225299
What are the prime factors of 341818888?
2, 42727361
What are the prime factors of 58726993?
13, 17, 20441
List the prime factors of 4994482.
2, 37, 67493
List the prime factors of 63925607.
63925607
List the prime factors of 67999483.
127, 569, 941
List the prime factors of 1597942787.
7, 228277541
List the prime factors of 87772030.
2, 5, 43, 47, 101
What are the prime factors of 89131418?
2, 59, 755351
List the prime factors of 182674624.
2, 11, 37, 7013
List the prime factors of 267030717.
3, 229, 388691
List the prime factors of 42594627.
3, 887, 16007
List the prime factors of 21778161.
3, 19, 382073
What are the prime factors of 202278993?
3, 7, 137, 70309
What are the prime factors of 26406252?
2, 3, 263, 2789
List the prime factors of 36762515.
5, 97, 229, 331
What are the prime factors of 221623354?
2, 23, 4817899
What are the prime factors of 1400589722?
2, 7, 43, 673, 3457
What are the prime factors of 96097840?
2, 5, 211, 5693
What are the prime factors of 69285504?
2, 3, 67, 2693
What are the prime factors of 157479087?
3, 19, 613, 4507
What are the prime factors of 42672101?
42672101
What are the prime factors of 26836882?
2, 89, 150769
List the prime factors of 258311541.
3, 37, 2327131
List the prime factors of 399818249.
399818249
What are the prime factors of 68390371?
7, 17, 31, 18539
List the prime factors of 2376638372.
2, 594159593
List the prime factors of 160983152.
2, 11, 37, 59, 419
What are the prime factors of 118149513?
3, 39383171
List the prime factors of 942336928.
2, 13, 17, 227, 587
What are the prime factors of 8317746023?
97, 85749959
List the prime factors of 220346536.
2, 1933, 14249
What are the prime factors of 1060674509?
23, 1987, 23209
List the prime factors of 1563707127.
3, 89, 271, 21611
What are the prime factors of 508119099?
3, 10979, 15427
What are the prime factors of 370225604?
2, 7, 13222343
What are the prime factors of 1103025767?
1103025767
List the prime factors of 28564338.
2, 3, 11, 432793
What are the prime factors of 4495424?
2, 70241
What are the prime factors of 112103542?
2, 17, 3297163
List the prime factors of 3848892937.
3848892937
What are the prime factors of 150333256?
2, 18791657
What are the prime factors of 54180899?
54180899
List the prime factors of 7758301414.
2, 37, 89, 179, 6581
What are the prime factors of 349246967?
4391, 79537
List the prime factors of 60588262.
2, 7, 691, 6263
List the prime factors of 107862999.
3, 35954333
List the prime factors of 176252411.
59, 67, 44587
What are the prime factors of 1942723275?
3, 5, 97, 2753
What are the prime factors of 55526236?
2, 13881559
List the prime factors of 2071663291.
23, 3253, 27689
List the prime factors of 90401963.
97, 509, 1831
List the prime factors of 130756581.
3, 14528509
What are the prime factors of 81346157?
173, 470209
What are the prime factors of 233046803?
11, 21186073
List the prime factors of 24037750.
2, 5, 11, 8741
List the prime factors of 1172319376.
2, 211, 347251
What are the prime factors of 169904695?
5, 33980939
What are the prime factors of 2168074837?
39779, 54503
List the prime factors of 3548468633.
17, 19, 578209
What are the prime factors of 299904216?
2, 3, 379, 32971
List the prime factors of 1